509 + c. What is the hundreds digit of o?
5
Suppose -3*n = 3*g - 97668, 3*n - 142*g = -147*g + 97678. What is the thousands digit of n?
2
What is the units digit of (-5 - 53168/(-24)) + 1 + (-42)/18?
9
Let b(v) = v - 3*v - 40*v**2 + 43*v**2. Let w be b(-1). Suppose -4*d + 195 = w*y, 3*y = -3*d - d + 205. What is the units digit of d?
5
Let z be -1*(3 - 2)*(-6 + 1). Let s(c) = 0*c - c**3 + 3 - 5*c**2 + 1 + z*c - 7. What is the tens digit of s(-7)?
6
Let v be 1/((-8)/(-42)) + (-6)/(-8). Let b(j) = -j**2 + 11*j - 23. Let t be b(v). Let i = 7 + t. What is the units digit of i?
4
Suppose 23*r + 140 = 30*r. Let p = r + -15. Suppose -3*z + p*z + 5*i = 270, 2*i + 135 = z. What is the hundreds digit of z?
1
Suppose 11*n + 82 = 390. Suppose -4*j - n*d + 5149 = -31*d, -d - 6439 = -5*j. What is the units digit of j?
8
Let b(m) = -m**3 - 5*m**2 - 5*m + 5. Let t = 29 + -35. Let s be (-4 - -7)/(3/t). What is the units digit of b(s)?
1
Suppose -3*s + 141174 = -6*z, 5*s - 2*s - 4*z = 141162. What is the hundreds digit of s?
0
Suppose 5*b - 6*d - 10 = -d, 5*d = -b + 20. Suppose 400 = u - b*v + 87, 4*u - 2*v - 1180 = 0. Suppose -179 - u = -4*f. What is the units digit of f?
8
Suppose 20*z + 2691 = 59*z. Suppose 8*r - 171 = z. What is the tens digit of r?
3
Let z(k) = -3*k**3 - 5*k**2 - 47*k - 335. What is the units digit of z(-15)?
0
Suppose 0 = r + 5*n + 14, n + 11 = 2*r - 2*n. Suppose 3*t = -2*z - 13, -z + 0*z + 7 = -3*t. What is the tens digit of (r + -2)*-44 + t?
4
Let b be ((2 + 2 + -4)/(-2))/(-2). Suppose b = -8*w + 3 + 45. Let z = 69 + w. What is the units digit of z?
5
Suppose -52*s + 13*s + 3604 + 167840 = 0. What is the units digit of s?
6
Suppose 4*h = -2*l - 20, l + 4*h = 2*l - 14. What is the thousands digit of (-5 - 788/(-20))/(l/(-80))?
1
Let b(j) = 12*j**2 - 15*j - 19. Let l be b(8). Suppose 5*d - t - 817 = 0, 194 = 5*d - 4*t - l. What is the hundreds digit of d?
1
Let g(w) = -22*w - 16. Let p(z) = -2*z. Let h(u) = -g(u) + 8*p(u). Let i be 60/(-3)*(-1)/4. What is the units digit of h(i)?
6
Suppose 0 = 4*o - 2*w + 1486, o - 4*w + 374 = -3*w. Let r = 616 + o. What is the tens digit of r?
4
Let u(p) = p**2 - 15*p + 44. Suppose -22*d + 19*d + 15 = 0. Suppose 49 + 16 = d*f. What is the tens digit of u(f)?
1
Let w(d) = 76*d - 56. Let t be w(8). Suppose 0 = 5*p - t - 258. What is the hundreds digit of p?
1
Let d(w) = w - 121. Let r be d(0). Let s = 596 + -770. Let j = r - s. What is the units digit of j?
3
Let c = 42143 - 6363. What is the ten thousands digit of c?
3
Suppose -2*c = 4*a - 6*c - 12312, -12306 = -4*a + 3*c. What is the units digit of a?
2
Let i(f) = 3397*f**2 + 306*f - 4. What is the hundreds digit of i(-3)?
6
Let z = -9 - -4. Let y(t) = 73*t**2 + 20 + 63*t**2 - 135*t**2 + 0*t + 2*t. What is the tens digit of y(z)?
3
Let s(t) = 217*t**2 - 107*t + 646. What is the tens digit of s(6)?
1
Let x(c) = c**2 - 39*c + 87. What is the units digit of x(77)?
3
Let o be -5*3/(-45)*1*21. Suppose -o*r + 3*k = -3*r - 2391, -4*k = 3*r - 1762. Let m = r - 399. What is the tens digit of m?
9
Let j be 1 + 0 + (-3*4)/(-6). Suppose 2*b + j = f + 1, 2*b = 4*f - 14. Suppose 5*g - 474 = f*v, 5*g + 0*v + 3*v = 502. What is the units digit of g?
8
Let l(v) = v**3 - 2*v**2 - 7*v + 3. Let y be l(3). What is the hundreds digit of 2952/y*(-4)/8?
1
Suppose -4*h + h - 20 = -4*i, -i = -h - 6. Suppose -i*l + y + 31 = l, -4*l = 5*y - 73. Let n = l - -30. What is the tens digit of n?
4
Suppose -4 = 6*g - 7*g, 2*m = 5*g + 5822. What is the thousands digit of m?
2
Let m = -11074 + 18924. What is the units digit of m?
0
Let g(y) = -25*y + 79. Let x be g(3). Suppose 2*t - 3896 = -x*c, 5*t - 10*t = -c + 996. What is the hundreds digit of c?
9
Suppose 5*u = -5*j + 130, -5*j + 158 = 2*u - 4*u. Let l be j*((-24)/(-9) - 2). What is the tens digit of (-2)/8 + 4925/l?
4
Let i(o) = -9*o + 17. Let b be (-2)/(-3) - 96/(-18). Let x be i(b). Let m = x + 147. What is the units digit of m?
0
Let d(l) = -l**3 + 19*l**2 - 16*l - 22. Let r = -13 + 30. Let f be d(r). Let i = f - 196. What is the units digit of i?
8
Let m(l) = l**3 - 9*l**2 + l - 6. Let n be m(9). Suppose -2*q = 5*u + 2, q = n*q - 4*u + 20. What is the units digit of q/(-4)*(-40)/(-6)?
0
Suppose 5*k = -2*c - 52, 2*k = -k - 4*c - 20. Let m be (16/k)/(8/(-12)). What is the units digit of (-4 - (-99 + -1)) + m?
8
Suppose 1388 + 2364 = 2*w. Suppose 14*s + w = 21*s. What is the hundreds digit of s?
2
Let p(v) = -22*v + 230. Let b be p(34). Let w = b - -1192. What is the hundreds digit of w?
6
Suppose 2*d + 124068 = 5*r, 16*r - 74418 = 13*r + 5*d. What is the tens digit of r?
1
Suppose 82*l - 95*l = 130. What is the units digit of ((-25)/l - 1)/((-15)/(-2900))?
0
Let b(f) = -75*f + 101. Let d(m) = 1. Let x(t) = b(t) + 3*d(t). What is the units digit of x(-6)?
4
Suppose -2*p = 6*p - 208. Suppose -p = 4*x + 3*b - b, -5*x = 2*b + 35. What is the units digit of -9*3/x*27?
1
Let m be (0/27)/(3 + 1*-1). Let a be 0 + m - (3 - -2 - 3). What is the tens digit of a/5 - (-636)/15?
4
Suppose -v + 3*z + 15377 = 0, -29*v + 34*v = -z + 76917. What is the units digit of v?
3
Suppose 4*v - 184 = -0*v. Let y = v - 47. What is the tens digit of (1 + y*2)/((-1)/29)?
2
Suppose 206*f = 123*f + 1745407. What is the hundreds digit of f?
0
Let a be (1 - -3)*((-214)/4 - -4). Let l = a - -141. Let b = 200 + l. What is the units digit of b?
3
Suppose 2673512 = 474*k - 895610 - 8720276. What is the ten thousands digit of k?
2
Suppose 80*a + 20906 = w + 75*a, 2*w - a - 41830 = 0. What is the tens digit of w?
1
Let h = 14472 - 3844. What is the units digit of h?
8
Suppose 23 + 43 = 6*i. Suppose 2117 = i*x - 853. What is the units digit of x?
0
Let a(q) = 3024*q + 431. What is the hundreds digit of a(5)?
5
Let y(h) = h**3 + 5*h**2 + 3*h - 7. Let p be y(-3). Suppose 7790 = 17*f + p*f. What is the units digit of f?
0
Let y = -2800 - -8770. What is the tens digit of y?
7
What is the units digit of ((-2658)/16*-2)/(34/272)?
8
Let n = -9 - -18. Let y(g) = -g**2 + 6*g + 15. Let i be y(n). What is the tens digit of i/(-8)*-2*1 + 54?
5
Let v(g) = 2*g + 9. Let p = 9 - 15. Let r be v(p). What is the hundreds digit of 1960/12*r*6/(-15)?
1
Let l be ((3 - 3)/(-8))/(-2). Suppose l = -5*c + 4*d + 5521, -45*c = -48*c + d + 3307. What is the tens digit of c?
0
Let w = 36316 - 21114. What is the thousands digit of w?
5
Let k be (-56)/(-24) - 14/6. Suppose 15*o - 4717 - 2993 = k. What is the hundreds digit of o?
5
Let v = -23 - -42. Let n = 19 - v. Suppose 3*y + 12 - 150 = n. What is the tens digit of y?
4
Let n = -47092 + 74581. What is the ten thousands digit of n?
2
Let v(c) = c**3 + 1. Let s(b) = -5*b**3 + 5*b**2 - 15*b - 13. Let r(f) = s(f) + 6*v(f). Let m be r(-7). Let w = 267 - m. What is the units digit of w?
7
Suppose -17016 = 21*l - 57686 - 15316. What is the thousands digit of l?
2
Suppose -h = -5*q + 75, 20 + 31 = 4*q + h. Let t(i) = 31*i**2 - 7*i + 27*i**2 + 12*i + 24 - i**3 - 44*i**2. What is the units digit of t(q)?
4
Suppose 0 = 3*a - 5*z - 1086, z = 2*z + 3. Suppose -7*v + a = -4*v. Let x = 186 - v. What is the units digit of x?
7
Let a = 138 - -1936. Suppose 227 = -2*h - 5*t + a, -4*h + 2*t + 3658 = 0. What is the tens digit of h?
1
Suppose 6*u - 10 = 8*u. Let z(j) = -j**3 - 4*j**2 + 5*j - 8. Let f be z(u). What is the units digit of f*(-4)/(80/115)?
6
What is the tens digit of 6/(-138) + (-2312193)/(-69)?
1
Let f(n) = -n**3 - 2*n**2 + 3*n + 4. Let j be f(0). Let v(g) = j*g**3 + 5 - 3*g**2 - 34*g**3 + 5*g**2 + 4*g. What is the units digit of v(-2)?
5
Let y(l) = -2*l**3 - 4*l**2 - 8*l - 9. Let k be 72/(-42) - (-4)/(-14). What is the units digit of y(k)?
7
Let v(r) = r**3 + 4*r**2 - 24*r + 14. Let k be v(-7). Suppose -k*p = -13*p - 14300. What is the tens digit of p?
5
Suppose -15*w - 6 = -17*w. Suppose -l - 1 = 0, w*y - 2*y = -l + 54. What is the tens digit of y?
5
Let x(b) = 2*b**2 - 51*b - 55. Let h = -204 - -235. What is the tens digit of x(h)?
8
Suppose -1615 + 10165 = 2*d. Suppose -d - 1500 = -33*c. What is the units digit of c?
5
Suppose 5*a - 3 = 2. Let w(f) = -f**2 + 15*f - 48. Let n be w(10). What is the tens digit of a + 13 + (n - 2)?
1
Suppose 0 = 2*l - 0*x + 2*x + 2, l - x = 7. What is the units digit of 6/(-4) - (3213/(-2))/l?
4
Let r = -30 + 28. Let k 